 k(-4). What is j(w)?
6
Let r = 6 - 4. Let u(s) = 7*s**2 + r - 2 + s. Suppose o + 3*o + 4 = 0. What is u(o)?
6
Let k(o) be the first derivative of 1/2*o**2 + 8/3*o**3 - 4 - o. Calculate k(1).
8
Let g(p) = -2*p**2 + 2*p + 4. Let l(h) = 2*h**2 - h - 5. Let z(i) = 5*g(i) + 4*l(i). Let v be 4/((-4 + 2 - -1)*-1). Give z(v).
-8
Let z(o) = o - 4. Let s(g) = g**3 + 4*g**2 - 5*g - 14. Let m be s(-4). Calculate z(m).
2
Let m(w) be the first derivative of w**3/3 - 9*w**2/2 + 10*w - 1. Determine m(7).
-4
Let n(g) be the third derivative of -g**5/60 + g**4/24 - 11*g**3/6 + 9*g**2. Calculate n(0).
-11
Let x(n) = -4*n + 1. Let v be (-10)/(-65) + 148/52. Give x(v).
-11
Let r be 8/4*(-9)/(-2). Let u(s) be the first derivative of 1 + r*s - 1/2*s**2. Determine u(5).
4
Let t(p) = -p**2 - 6*p - 2. Let l = 40 - 29. Suppose -1 = -2*f - l. Calculate t(f).
3
Let h be 18/3 + 0 - 0. Let j(m) = -11*m**2 - 16*m + 1. Let u(w) = 5*w**2 + 8*w - 1. Let l(b) = -6*j(b) - 13*u(b). Determine l(h).
-5
Let d(w) = 9*w**3 - 3*w**2 - 14*w - 5. Let z(m) = -5*m**3 + 2*m**2 + 8*m + 3. Let j(x) = 3*d(x) + 5*z(x). Determine j(2).
16
Let n(z) = -3*z**2 - 8*z + 2. Let v(h) = 5 - 17*h - 6*h**2 - h**2 + 0*h**2 + 0*h**2. Let b(l) = -5*n(l) + 2*v(l). Let u = -4 - 1. Calculate b(u).
-5
Suppose 4*k = 4*t + 12, -3 = 3*t - 0*t. Let q = k + 4. Let s(b) = -4*b - 30. Let y(v) = -v - 10. Let n(i) = -2*s(i) + 7*y(i). Give n(q).
-4
Let j(k) = -2*k - 1. Let h(w) = -5*w - 2. Let s(b) = 3*h(b) - 7*j(b). Suppose -4*z = y - 10 + 15, z + 2*y - 4 = 0. Determine s(z).
3
Let q(w) = 14*w + 18 - 13*w - 16. Calculate q(-2).
0
Let y(j) = j**2 + 7*j + 4. Let t(x) = x**2 + 2*x + 1. Let n(l) = 4*t(l) - y(l). Suppose -4*z = -4 - 0. What is n(z)?
4
Let z(d) = d**2 - d + 2. Let k be z(0). Let a be 4/(-6) + 2/3. Let p(u) = k + 2 + u + a. What is p(-3)?
1
Let f be (-3 + 3)*1/3 + -2. Suppose -5 = 5*b - 25. Let r(l) = -2 + 3*l - b + 7. Determine r(f).
-5
Let k(v) = -v**2 - 4*v - 3. Let q(o) = -o**3 - 25*o**2 - 25*o - 26. Let m be q(-24). Determine k(m).
1
Let g(m) = 0 + 1 + 123*m**2 - 122*m**2 + m. Let o(q) be the third derivative of q**6/120 + 3*q**5/20 - 3*q**4/8 + 2*q**3 - q**2. Let p be o(-10). What is g(p)?
7
Let r(s) be the second derivative of s**4/2 + s**3/6 - 9*s. Let x be 0/(-1) - 1/1. What is r(x)?
5
Let m(n) = n**3 - 3*n**2 + 1. Let h(q) = -q**3 + 2*q**2 - 1. Let t(s) = 3*h(s) + 2*m(s). Give t(0).
-1
Let p(i) = i**2 + 4*i. Let l be (-2 + (-24)/(-10))*5*-1. Give p(l).
-4
Let v be (3/(-2))/(6/(-32)). Suppose -v - 8 = -4*p. Let f(t) = 2 + 0*t - 2*t + 0. Give f(p).
-6
Suppose 0 = -3*g + 1 + 5. Let m be (-1*g - -2) + 10. Let r be (-54)/m + (-4)/(-10). Let h(n) = n + 9. Determine h(r).
4
Let f be (8/(-12))/(3/9). Let z(w) = -2*w**2 - 3*w - 2. Determine z(f).
-4
Suppose 4*x - 10 = -14. Let m be 8*(x/2 + 1). Let l(k) = -k - 4. What is l(m)?
-8
Suppose 10*k = 14*k - 24. Let u(o) = o**3 - 6*o**2 - 3*o + 8. Calculate u(k).
-10
Let v(q) = 3*q**3 - 2*q**2 + 2*q - 1. Let j be v(1). Suppose 2*m + 6 = j. Let y(g) = -2*g**2 - 2*g + 2. Determine y(m).
-2
Let f be (-12)/30 - (-17)/5 - -2. Let d(o) = -o**3 + 4*o**2 + 5*o - 2. What is d(f)?
-2
Let h(t) be the second derivative of -t**4/12 + 5*t**3/6 - 3*t**2/2 - 3*t. Let d be (-2)/((-2)/10*2). Suppose d*y - 20 = y. What is h(y)?
-3
Let d(b) be the second derivative of -b**4/12 + b**3 + 9*b**2/2 - 23*b. What is d(7)?
2
Let l(w) be the third derivative of 1/60*w**5 - 4*w**2 + 0*w + 0 - 1/8*w**4 - 1/2*w**3. What is l(3)?
-3
Let m(r) be the third derivative of 0 + 0*r - 4*r**2 + 1/6*r**3 - 5/12*r**4. What is m(-1)?
11
Let d(c) = c**2 - 6*c - 2. Let q(t) = -t - 1. Let u(a) = d(a) - 5*q(a). Give u(0).
3
Let n(y) = -7*y**3 + 9*y**2 + 6*y + 1. Let t(s) = -20*s**3 + 26*s**2 + 17*s + 3. Let m(g) = -17*n(g) + 6*t(g). Give m(2).
5
Let c(t) = -5*t**2 - t + 1. Let k be c(1). Let o(s) be the third derivative of s**5/60 + 5*s**4/24 - s**3 - 2*s**2. What is o(k)?
-6
Let q(k) = -k**2 + 4*k + 2. Let l be -2 - (-11 + 12/4)*1. Calculate q(l).
-10
Let f(n) = -3*n - 23. Let r be f(-7). Let l(y) = y**3 + 4*y**2 + 4*y + 2. Give l(r).
2
Let m = -13 + 8. Let t(v) = v**3 + 5*v**2 + 2*v + 4. Calculate t(m).
-6
Let t(c) = -4*c**2 + c. Suppose 0 = 3*n + 5*i + 56 - 12, -i + 92 = -5*n. Let j = 19 + n. Give t(j).
-3
Suppose -2*a + 3*a = 9. Let f be (-3)/a + (-20)/(-6). Let k(j) = -j - 1. Let z be k(f). Let b(n) = n**2 + n - 3. Calculate b(z).
9
Let y(t) = -t**3 - 4*t**2 + 6*t + 6. Let i be y(-5). Let z(l) = 2*l**3 - 3*l**3 + 3*l**2 + i + 1 + 2*l - 3. Determine z(3).
5
Let x be 1 + 6/(-3) + 4. Let b(n) = -n**2 + 5*n - 4. Let m be b(x). Let v(l) = -l**2 - 6*l**m + 3 + 6*l**2. Give v(0).
3
Let h(f) be the first derivative of f**4/4 + f**3/3 + f**2 + 3*f - 12. What is h(-2)?
-5
Let d(y) = 3 + 1 - y + 0. Let z(v) = v**2 + 3*v - 5. Let w be z(-5). Suppose 0 = -2*c - 4*u + 10, c = 3*u - 8*u + w. Calculate d(c).
-1
Let y(c) = -c + 5. Let m be y(6). Let g be 15/(-2)*24/(-20). Let j(v) = 2*v + 3 - 2 - g*v. Give j(m).
8
Let t(u) = 2*u**3 + 4*u**2 - u - 4. Let o be (0 + -1 + -1)*(-51)/(-34). Give t(o).
-19
Let t(f) = -7*f**3 + f - 1. Let y(w) = -w - 6. Let g be y(-9). Suppose -3 = g*a - 6. Calculate t(a).
-7
Let m(n) = -n**2 - 5*n - 2. Let g(j) = j - 6. Let y be g(9). Suppose v + y*v = 16. Suppose 2*l - v = 3*k - 1, 4*l + 12 = 0. Calculate m(k).
4
Let r(w) = w**3 + 5*w**2 + 6*w + 4. Let b(a) = 3*a - 91. Let j be b(29). Determine r(j).
-4
Let k(z) = -2*z**2 - 13*z + 13. Let h(v) = v**2 + 6*v - 6. Let l(x) = -9*h(x) - 4*k(x). Calculate l(-3).
-1
Suppose 10*c - 3*c - 21 = 0. Let l(h) = h + 4. Calculate l(c).
7
Let z(m) = 5*m**2 + 10*m + 1. Let g(k) = 6*k**2 + 10*k. Let w(u) = -6*g(u) + 7*z(u). What is w(10)?
7
Let u(k) = -5 - 5*k - 2*k - k + 11*k. What is u(4)?
7
Suppose -2*t = 2*t - 20, 0 = -2*s - t + 19. Let r = 11 - s. Let b(c) = -5*c + 4. Let v(d) = 4*d - 3. Let u(w) = -6*b(w) - 7*v(w). Calculate u(r).
5
Let i(z) = -4*z. Let n(w) = -16*w. Let d(a) = -9*i(a) + 2*n(a). Determine d(2).
8
Let g(l) = -5*l**2 - 8. Let b(n) = 6*n**2 + n + 9. Let r(h) = 4*b(h) + 5*g(h). Determine r(4).
-4
Let b(n) = -4*n**3 + 15*n**2 - 22*n + 17. Let x = 10 + -12. Let l(o) = o**3 - 5*o**2 + 7*o - 6. Let h(m) = x*b(m) - 7*l(m). Calculate h(-6).
2
Suppose -2*m = 3*q - 0*m - 11, -17 = -3*q + m. Let n(h) = -6*h - 3 + 7*h - 2*h**3 - q*h**2 + 5*h + 3*h**3. What is n(4)?
5
Let s = 12 + 10. Let m be (-2)/10 + s/10. Let b(k) = 3 - 2*k + 4*k + 5*k - 4*k**m - k**3. Give b(-5).
-7
Let y be 2 + 1*(-2)/2. Let o(m) = -1. Let c(w) = w - 3. Suppose -11 = 5*a + 4. Let f(z) = a*o(z) + y*c(z). What is f(-1)?
-1
Let n(m) = 3*m - 1. Suppose -p - 4 - 2 = 0. Give n(p).
-19
Let i(w) be the second derivative of -w**7/840 - w**6/720 + w**4/12 + 2*w. Let k(d) be the third derivative of i(d). Give k(-1).
-2
Let k(v) = 3*v + 2 - 4*v - 4*v. Let l(d) be the third derivative of -5*d**4/12 + d**3/2 - 2*d**2. Let p(o) = -5*k(o) + 3*l(o). Calculate p(1).
-6
Let y(w) = -w**3 + 5*w**2 - 4*w + 1. Let j(b) = b**3 + 4*b**2 - 3. Let m be j(-3). Let g be m/5*(-10)/(-3). What is y(g)?
1
Let i(g) = -g**3 - 5*g**2 - 3*g. Let v = 146 + -149. Give i(v).
-9
Let d(h) = 4*h + 6*h**2 + 5*h**3 - h**3 - 3*h**3 - 5. Give d(-5).
0
Suppose 3*c + 6 = c. Let s be 2 - (c - 0 - 0). Let k(z) = -z**3 + 5*z**2 - z - 2. What is k(s)?
-7
Let g(v) = -v**3 + 13*v**2 - 6. Let y be g(13). Let h(b) = b + 7. Give h(y).
1
Let i = -7 - -6. Let m(b) = 6*b**2 - 5*b - 5. Let v(y) = y + 1. Let r(s) = -s**2 + s. Let d be r(3). Let h(p) = d*v(p) - m(p). Determine h(i).
-6
Let k = -15 + 20. Let a(o) = -o**2 + 3*o. Calculate a(k).
-10
Let t be 3*(0 + -1)*1. Let x = 4 + t. Let l(s) = -x + 3*s + 2 - 2. Give l(2).
5
Let w(t) = -t**2 - 7*t + 5. Let r(m) = -m - 8. Let q be r(0). Let b be w(q). Let a(v) = -v**2 - 3*v + 2. What is a(b)?
2
Let m(z) be the third derivative of -z**5/30 - z**4/8 - z**3/6 + 33*z**2. Calculate m(-2).
-3
Let w(r) = r**3 + 2*r**2 + 2*r. Let p(l) = l. Let d(a) = -p(a) + w(a). Determine d(-1).
0
Suppose -13 - 11 = -4*b. Let j(r) = -r**2 + 2*r + 6. What is j(b)?
-18
Let s(g) = g**2 - 6*g. Let i = 16 + -2. Let o = i - 8. Give s(o).
0
Let b(o) = 5*o - 1 - o - 6*o. Give b(-2).
3
Let s be (-8 - -4)/(-1*1). Let y(o) = 4*o - 5. Calculate y(s).
11
Let u(g) = 3*g - 3. Suppose -13 + 28 = 5*m. Give u(m).
6
Let a(w) = 3*w + 2